3
Suppose 0 = 3*r - 15, -4*n - 5*r + 7 + 2 = 0. Let k(i) be the first derivative of -2*i - 1/3*i**3 + 93 - 3/2*i**2. Determine k(n).
-6
Suppose -47 - 388 = -145*u. Let y(p) = p**3 + p**2 - 2*p - 1. Give y(u).
29
Let k(m) = m**2 + 65*m + 918. Let d be k(-20). Let c(p) = p**2 - 8*p - 172. Give c(d).
8
Let w(x) = 29*x - 1 - 15*x - 15*x. Let b(j) = -j - 12. Let m(u) = -b(u) + 3*w(u). What is m(6)?
-3
Suppose 2*z = -5*f + 2*f + 18, -2*z - 2*f + 18 = 0. Suppose 2*v = 4*u - 44, z*u - 53 = 4*u + 2*v. Suppose -u = -5*a + 26. Let m(i) = -3*i + 5. What is m(a)?
-16
Let b(g) = -g**3 + 10*g**2 - 52*g + 14. Let y be b(8). Let t = -281 - y. Let r(u) = 2*u + 3. Calculate r(t).
-11
Let o be ((-360)/165)/1 + (-4)/(-22). Let j(r) = r**3 - 8*r - 2. Determine j(o).
6
Let d(p) be the third derivative of -p**6/120 - p**5/15 - 5*p**4/24 - p**3/3 - 4*p**2 + 929*p. Let v(c) = 3*c + 9. Let q be v(-4). Calculate d(q).
4
Suppose -5 = -2*a - 3*a. Let b(n) = -31*n**2 + 30*n - 10. Let t(x) = -3*x**2 + 3*x - 1. Let r(w) = 2*b(w) - 21*t(w). Calculate r(a).
-1
Let u(s) = 0*s**3 + s**3 + 27 - 50*s**2 - 258*s + 58*s**2 + 268*s. What is u(-8)?
-53
Let i(l) = -l**3 + 6*l**2 + 8*l - 4. Let y be i(7). Let t(a) = 6*a**2 + 2*a + a**2 - 6*a**2 + y*a**2. Calculate t(2).
20
Suppose -150*s + 149*s + 2 = 0. Let a(n) = -6*n**2 - s - 4 + n**3 - 69*n + 62*n. Calculate a(7).
-6
Let w(j) be the third derivative of 31*j**5/60 - j**4/24 - 27*j**2. Suppose 0 = -168*c + 172*c + 4. Determine w(c).
32
Suppose 942*h + 3591 = -177. Let v(u) = -3*u**3 + 2*u**2 + 9*u + 1. Let w(k) = 4*k**3 - k**2 - 10*k. Let x(d) = 5*v(d) + 4*w(d). Determine x(h).
17
Let l = -8382 - -8407. Let k(y) be the third derivative of -1/12*y**4 + 0*y + 1/6*y**3 - l*y**2 + 0. Determine k(1).
-1
Suppose 4*d + 5 + 7 = 0, 4*t + 22 = -2*d. Let z(v) = -240*v**2 + 4*v + 20. Let o(k) = -131*k**2 + 2*k + 11. Let y(x) = -11*o(x) + 6*z(x). Give y(t).
7
Suppose 0 - 9 = -3*n. Let d = 18 + n. Let r(m) = d - 41 - m + 26. What is r(5)?
1
Let o = 25 - 20. Let d(y) = 14*y**3 + 78*y**2 - 13*y - 25. Let g(c) = -11*c**3 - 60*c**2 + 10*c + 19. Let s(p) = 7*d(p) + 9*g(p). What is s(o)?
16
Let w(j) be the first derivative of 14*j + 1/3*j**3 + 6*j**2 + 49. Calculate w(-10).
-6
Let s(k) = -k**3 + 6*k**2 - k. Suppose -167 = -4*j - 5*w, -j + 44 - 1 = w. Suppose 199*b = 207*b - j. Determine s(b).
-6
Let a(q) = -3*q + 1. Let r(b) = -24*b + 114. Let g be r(8). Let s = g + 82. Give a(s).
-11
Suppose 0 = 3*v + 31 + 38. Let w = v - -49. Let t(o) = 2*o + o - 2*o - w + 23. Calculate t(5).
2
Suppose 5*n + 4*u - 457 = 0, 83 = n + 7*u - 2*u. Let i(o) = 23*o + 16. Let q be i(-5). Let s = n + q. Let a(h) = -h**3 - 6*h**2 + h + 3. Give a(s).
-3
Let y(l) = l**3 - 2*l**2 - 21*l + 3. Let u be y(6). Let d = -21 + u. Let q(p) = p**2 + p + 4. Calculate q(d).
4
Let d be (-3 - 54/(-15))*-5. Suppose -10*z + 83 = 63. Let k(a) = -4*a - 28*a**2 + a + 6*a + 2 + 31*a**z. Determine k(d).
20
Let p be ((-2530)/(-88) - 26)/(5/20) + -12. Let s(v) = v**3 - v**2 - 2*v + 2. Let q be s(2). Let l(u) = -q*u - 2*u + 0*u. Calculate l(p).
4
Let u(r) = -r**3 + 67*r**2 + 133*r - 3. Let z be u(-2). Let l(w) = 7*w - 36. Calculate l(z).
13
Let r(h) be the first derivative of -h**5/60 + 5*h**4/24 + 5*h**3/6 + 31*h**2/2 + 2*h + 86. Let n(d) be the second derivative of r(d). Calculate n(5).
5
Let v(r) be the first derivative of -r**5/60 + r**4/8 + r**3/6 - r**2 - 5*r + 21. Let b(t) be the second derivative of v(t). Give b(3).
1
Let x(j) be the third derivative of j**6/120 + 7*j**5/60 + 3*j**4/8 + j**3/6 + 1082*j**2. Calculate x(-4).
13
Let u(t) = -28 + 64 - 10*t + t. Let i(l) = 5*l - 19. Let x(s) = 11*i(s) + 6*u(s). Determine x(-5).
2
Let g = 0 + 0. Let h(p) be the first derivative of -p**4/4 - p**3/3 + 31*p - 5550. Determine h(g).
31
Let f(b) be the first derivative of -121 + 1/3*b**3 - 6*b + 5/2*b**2. Calculate f(-6).
0
Let z(d) = 9*d**3 + 6*d - 9. Let l(t) = t**2 + 32*t - 28. Let j be l(-33). Let p(r) = 11*r**3 - r**2 + 6*r - 10. Let s(w) = j*p(w) - 6*z(w). Calculate s(6).
4
Let q(m) = m**3 - 4*m**2 - 5*m + 5. Let d(t) = -9*t - 3 + 6*t - 19 - t**2. Let p be d(-7). Let b = p + 55. What is q(b)?
5
Let c(g) = -2 - g**2 + 2*g**2 + 22*g + 3*g - 27*g - 5. Determine c(5).
8
Let v(c) = 4 + 13 + 7414224*c - 7414229*c. Let l be 6/(-4)*(-16)/6. What is v(l)?
-3
Let h(b) be the first derivative of -1/4*b**4 - 1/2*b**2 + 0*b**3 + 2 + 0*b. Let i be (553 - 562) + (1 + 10)*1. Determine h(i).
-10
Suppose -438*b - 363 = -317*b. Let x(j) = -69*j - 205. Calculate x(b).
2
Suppose 0 = -4*i + 36 - 16, -2*t = 4*i - 24. Let u = 120 - 118. Let o(x) = x + 1 - 3*x**t - u*x - x. What is o(-2)?
-7
Let c(t) = -51*t - 150. Let r(m) = 83*m - 916. Let p be r(11). What is c(p)?
3
Let n = 78 + -73. Let u(k) be the first derivative of -1/4*k**4 + 4/3*k**3 + 2*k**2 - 3 + 6*k. What is u(n)?
1
Let i(u) = -8 - 18135*u - 3 + 18129*u + 1. Give i(2).
-22
Let t(m) = 19*m + 34. Let c be (128/28 - 4) + 72/(-28). Calculate t(c).
-4
Let l(g) = -10*g - 2*g**3 + 1512065 + 4*g**2 - 1512071 + 3*g**3. Give l(-5).
19
Let l(w) = -91*w - 80. Let n(q) = -98*q - 82. Let f(c) = 3*l(c) - 2*n(c). Give f(-1).
1
Let u(t) = t**3 - 7*t**2 + 10*t - 3. Suppose 125 = 27*i - 10. Determine u(i).
-3
Let r = 69 + -86. Let w(t) = -t**3 - 16*t**2 + 16*t - 19. What is w(r)?
-2
Let c(k) be the second derivative of -k**6/120 + 7*k**4/24 + 155*k**2/2 - 32*k + 2. Let i(n) be the first derivative of c(n). Calculate i(-3).
6
Suppose 7*b = 5*b + 220. Suppose 11*n - b = -0*n. Let m(s) = 2*s - 12. What is m(n)?
8
Let m(g) = -3*g**2 + 26*g + 13. Suppose 0 = -i + 33 - 24. Let b be m(i). Let d(p) = -4*p + 14 + 2*p**2 - 13 - p**2. What is d(b)?
1
Let a(c) = -37*c**2 + 18*c - 18. Let f(h) = -55*h**2 + 20*h - 21. Let z(p) = 3*a(p) - 2*f(p). Calculate z(13).
1
Let k(q) = -4*q + 56. Let u be k(9). Let a(x) = 21 - 16*x**2 + 64*x - u - 62*x. Calculate a(-1).
-17
Let i(w) = -212*w + 426*w - 198*w - 2. Calculate i(2).
30
Suppose 0 = 5*t - 2*t - 18. Let h(f) = -f**2 - 11*f + 110. What is h(t)?
8
Let y(t) = 8*t - 2*t**2 + 3 + 4 + 8 + 3*t**2. Let l be y(-5). Suppose 0 = -l*u + 2*u. Let r(d) = d**3 - 1. What is r(u)?
-1
Let x(u) be the third derivative of u**5/60 - 5*u**4/24 + 7*u**3/6 - 2*u**2. Let b = -30079 + 30087. Determine x(b).
31
Suppose 10*f + 275 = -15*f. Let h be 3 + 14/(-2) - f. Let n(v) = v**3 - 7*v**2 - v + 6. Give n(h).
-1
Let c(h) = h**2 + 2*h - 4. Let l(x) = -x**3 - 18*x**2 - 15*x + 31. Let r be l(-17). Let p be 27/(-18)*(r + 5). Give c(p).
-1
Let p be 4/6 - (-13)/3. Let i be 0*(p/2 + -2). Let l(n) = 6*n**3 - 7*n**3 - 5 - 2778*n + 1382*n - n**2 + 1397*n. Calculate l(i).
-5
Let b(u) = 143*u + u**2 - 65*u + 13 - 68*u. Suppose -9*h + 6*h - 27 = 0. What is b(h)?
4
Suppose 0*h - 4 = -4*h. Let d be 2/13 - 189/(-39). Let y(i) = 14*i**3 - 4*i + 2. Let q(x) = 7*x**3 - 2*x + 1. Let c(s) = d*q(s) - 2*y(s). What is c(h)?
6
Let p be 17/(-3)*((-1640)/(-41) + -43). Let r(f) = -f**3 + 19*f**2 - 34*f - 13. Give r(p).
-13
Suppose -5*r - 37 = -2*p, 2*r + 61 = 10*p - 5*p. Suppose n + 0*n + 4*q = p, -2*q + 23 = -3*n. Let z(x) = -7 + 6 + 0*x - x. What is z(n)?
4
Let a(l) = 0*l + 6*l - 2 - 5*l. Let p be (48/80)/(3/(-15)). Determine a(p).
-5
Let r(k) = -2*k**3 - 76*k**2 - 70*k - 61. Let y be r(-37). Let o = y + 201. Let f(c) = -c**3 - 9*c**2 - 9*c - 11. What is f(o)?
-3
Suppose 0 = -t + 27 - 12. Suppose 16*i - t*i + 51 = 0. Let d = i - -59. Let k(n) = 2*n - 10. What is k(d)?
6
Let y(f) = -102*f - 2*f**2 + 106*f + 4*f**2 + 0*f**2 + 10. Give y(-7).
80
Let m(z) = -160*z**3 - z**2 - 4*z - 3. Let t be m(-1). Suppose 70*w - t = 54*w. Let p(f) = -f + 1. Determine p(w).
-9
Let h = 253 - 250. Let k(u) = h - 4*u + 3 + 3*u + 0*u. Suppose -2*f = t + 4*t - 27, 4*f - 30 = -2*t. Determine k(f).
0
Let k(m) = m**2 + 20*m + 42. Suppose 2212 = -99*f - 44*f + 353. Give k(f).
-49
Let a(f) = -19*f**2 + 5*f - 6. Let v be 32/40 + ((-4)/(-6))/(160/48). Give a(v).
-20
Let t(z) = -z**2 - 6*z. Let y(j) = 3*j + 3. Let v be y(-4). Let q(s) = -s**2 + 10*s - 13. Let h be q(8). Let w = v + h. Give t(w).
0
Let m(c) = -2*c. Let s be m(1). Let v(y) = 8*y**2 - 13*y**2 + 4*y + y - y + 3 + 6*y**2. What is v(s)?
-1
Let f(d) = 13*d - 1 + 5 + d**2 + 1 - 6*d. Let s(j) = 8*j**2 - 4*j - 7. Let n be s(-1). Suppose n*x - 2*z = -z - 32, x = -z - 4. Wha